= -29*c - 381. Calculate b(-12).
-33
Let t(f) = 303*f + 10530. Give t(-34).
228
Let t(b) = -b**3 - 114*b**2 - 93*b + 1623. Calculate t(-113).
-637
Let b(p) = -956*p + 6642. Give b(9).
-1962
Let s(v) = 432*v**2 + 1563*v - 1564. What is s(1)?
431
Let r(m) = -18*m**2 + 788*m + 7988. Determine r(-9).
-562
Let b(c) = -118*c - 380. What is b(-14)?
1272
Let u(w) = 88*w**2 - 38536*w - 3503. Calculate u(438).
1
Let c(f) = 456*f + 109185. Give c(-240).
-255
Let o(i) = -3*i**2 - 278*i + 5532. What is o(17)?
-61
Let g(b) = -8*b**3 - 121*b**2 - 2110*b - 31449. Determine g(-15).
-24
Let m(q) = q**2 - 59*q - 689. Determine m(68).
-77
Let i(m) = m**2 + 310*m - 56164. Give i(-438).
-100
Let n(t) = 59058*t - 25690234. Calculate n(435).
-4
Let j(g) = g**3 - 410*g**2 - 826*g + 625. Give j(412).
-199
Let k(d) = -13*d**2 - 992*d - 4742. Determine k(-5).
-107
Let m(n) = -1239*n**3 + 21062*n**2 + 26*n - 138. Determine m(17).
15
Let k(y) = -1968*y - 43296. What is k(-22)?
0
Let g(i) = 22*i**2 + 28314*i - 28311. What is g(1)?
25
Let t(n) = -n**3 + 140*n**2 - 4234*n + 101. Calculate t(44).
-339
Let r(y) = 2*y**3 + 34*y**2 - 58*y - 26. Calculate r(2).
10
Let v(a) = 22*a**2 + 836*a - 4986. What is v(6)?
822
Let y(b) = 4*b**2 + 4795*b + 775624. Give y(-1006).
-2
Let y(c) = 28*c**3 - 14*c**2 - 5*c + 9. What is y(-1)?
-28
Let a(x) = -x**2 - 26795*x + 1288471. Calculate a(48).
7
Let x(z) = -12*z**3 - 80*z**2 + 295*z - 214. Give x(2).
-40
Let b(y) = -2*y**3 - 115*y**2 - 155*y + 109. What is b(-56)?
-619
Let z(j) = -4*j**2 - 152*j + 69. Give z(-31).
937
Let p(m) = 26*m**2 + 5787*m + 5764. What is p(-1)?
3
Let f(a) = -12*a**3 - 214*a**2 - 630*a - 278. Give f(-3).
10
Let o(j) = 4*j**3 - 16*j**2 - 85*j + 13. Give o(13).
4992
Let o(l) = -29*l + 952. Calculate o(27).
169
Let v(j) = 7*j**2 + 607*j + 11785. What is v(-57)?
-71
Let w(y) = 27135*y + 244226. Determine w(-9).
11
Let t(w) = w**3 + 19*w**2 + 260*w + 6333. Calculate t(-21).
-9
Let r(l) = l**3 - 14*l**2 - 7876*l + 133027. What is r(17)?
2
Let m(a) = -104364*a - 5844393. What is m(-56)?
-9
Let h(p) = 5*p**3 - 717*p**2 + 469*p - 26169. Give h(143).
0
Let c(y) = -3*y**3 - 612*y**2 - 609*y - 8. Calculate c(-203).
-8
Let k(p) = -17*p**2 + 2328*p + 3. What is k(137)?
-134
Let j(h) = 2*h**3 - 68*h**2 - 247*h - 3. What is j(37)?
-928
Let s(h) = -58*h**3 + h**2 + 659*h + 658. What is s(-1)?
58
Let l(x) = -2*x**2 + 648*x + 80627. Determine l(420).
-13
Let t(y) = -10*y**2 + 4360*y - 401263. What is t(304)?
17
Let h(y) = -y**2 - 1072*y - 51675. What is h(-49)?
-1548
Let s(b) = -196694*b - 786815. Calculate s(-4).
-39
Let a(r) = r**2 - 2744*r - 74832. Determine a(-27).
-15
Let o(u) = -360315*u - 3603161. What is o(-10)?
-11
Let o(a) = 1795*a + 32283. Give o(-18).
-27
Let d(u) = -10*u**2 + 2347*u - 5425. What is d(232)?
839
Let h(j) = 2*j**2 - 3125*j - 171331. Give h(-53).
-88
Let t(z) = 6*z**2 + 81*z + 570. Determine t(-14).
612
Let m(s) = -61637*s + 678027. What is m(11)?
20
Let i(p) = 2*p**2 + 1022*p + 6066. Give i(-6).
6
Let p(b) = 11*b**3 - 6887*b**2 + 629*b - 1875. Give p(626).
3
Let s(d) = 156*d - 65036. Give s(417).
16
Let w(z) = -29*z**2 - 40*z + 29. What is w(4)?
-595
Let a(z) = -73421*z + 513953. What is a(7)?
6
Let m(s) = -7*s**3 - 191*s**2 - 549*s - 13362. Give m(-27).
3
Let q(i) = -394*i + 90010. What is q(228)?
178
Let r(g) = -476*g + 78147. What is r(162)?
1035
Let j(g) = -6*g**2 + 7362*g - 36661. Give j(5).
-1
Let x(y) = y**3 - 13*y**2 - 888*y + 2764. What is x(3)?
10
Let u(j) = -5*j**3 - 2081*j**2 + 8323*j - 15. What is u(4)?
-339
Let y(z) = 103*z**3 - 4326*z**2 - 6*z + 190. What is y(42)?
-62
Let n(s) = 5760*s + 23188. Calculate n(-4).
148
Let x(r) = 6239*r - 39377. What is x(6)?
-1943
Let m(u) = -627079*u - 3135394. Give m(-5).
1
Let n(v) = 7*v**2 - 5894*v + 17655. Give n(3).
36
Let z(w) = -w**3 + 64*w**2 + 864*w + 30. Determine z(-11).
-399
Let p(f) = -241*f - 15306. Determine p(-62).
-364
Let a(o) = 3*o**3 - 684*o**2 + 702*o - 4735. Calculate a(227).
32
Let j(p) = 15*p**2 + 26*p + 114. Determine j(9).
1563
Let c(w) = 440*w + 56642. What is c(-129)?
-118
Let r(m) = m**3 + 8*m**2 - 17*m - 71. Calculate r(10).
1559
Let m(r) = r**3 - 1017*r**2 + 62020*r - 133281. Calculate m(952).
-1
Let v(x) = 60360*x - 724320. Give v(12).
0
Let b(h) = -h**2 - 8605*h + 11777019. What is b(1201)?
13
Let z(q) = -2*q**3 - 43*q**2 - 7868*q - 173487. What is z(-22)?
93
Let y(t) = -431*t - 20576. Give y(-48).
112
Let c(b) = -3800*b - 26526. What is c(-7)?
74
Let c(v) = -v**3 - 25*v**2 + 124*v + 1059. Give c(-28).
-61
Let j(t) = -2*t**3 + 120*t**2 + 229*t + 961. Give j(62).
-217
Let h(y) = -1242*y - 16991. Determine h(-14).
397
Let y(k) = 331*k - 4803. Determine y(15).
162
Let f(n) = -11*n**2 - 3210*n + 22413. Give f(7).
-596
Let x(m) = 12636*m + 63125. Determine x(-5).
-55
Let n(m) = -431*m + 4886. Calculate n(13).
-717
Let b(l) = -5*l**3 - 4758*l**2 - 2836*l + 16168. Determine b(-951).
1
Let k(o) = 68*o**2 + 3477*o - 10535. Calculate k(-54).
-5
Let r(x) = -12*x**2 + 1372*x + 8007. Calculate r(120).
-153
Let s(y) = 45*y**2 - 63*y + 207. Calculate s(3).
423
Let c(j) = -9*j**2 - 3576*j + 7169. What is c(2)?
-19
Let a(i) = 2590*i**2 - 7747*i - 50. Determine a(3).
19
Let i(u) = -910*u - 155550. Calculate i(-171).
60
Let a(j) = j**3 + 328*j**2 + 26220*j - 9. What is a(-138)?
-9
Let m(k) = -k**2 + 18904*k - 622754. Calculate m(33).
-11
Let d(z) = -2*z**3 - 326*z**2 + 1336*z + 1. Calculate d(-167).
1
Let z(o) = o**3 + 188*o**2 - 1819*o - 273406. Determine z(-190).
4
Let k(c) = 11*c**3 + 500*c**2 - 837*c - 1769. Give k(-47).
17
Let k(s) = s**3 - 39*s**2 + 248*s - 73. What is k(31)?
-73
Let y(c) = 28752*c - 3737768. What is y(130)?
-8
Let n(x) = -334*x + 52453. Calculate n(157).
15
Let h(q) = -21*q**3 - q**2 + 9*q + 9. Calculate h(-1).
20
Let f(i) = 2*i**2 + 5043*i - 65886. Give f(13).
11
Let b(f) = -345*f**3 - 78*f**2 + 69*f + 11. Give b(1).
-343
Let u(w) = -128852*w - 2448198. Calculate u(-19).
-10
Let m(c) = -10*c**3 - c**2 + 923*c + 1858. Calculate m(-2).
88
Let o(b) = -2*b**3 - 32*b**2 + 6*b + 30. Calculate o(-15).
-510
Let b(z) = 3047*z - 70090. Calculate b(23).
-9
Let u(j) = -799*j**3 + 4799*j**2 - 25*j. What is u(6)?
30
Let q(m) = -905290*m + 5431754. Calculate q(6).
14
Let y(i) = 7*i**2 - 101*i - 1186. What is y(-14)?
1600
Let z(s) = -86647*s - 2599403. Give z(-30).
7
Let w(q) = q**3 + 12*q**2 - 1301*q - 7259. What is w(-40)?
-19
Let j(q) = -190199*q + 1141190. Give j(6).
-4
Let p(w) = w**3 - 84*w**2 - 4634*w + 273. Give p(-38).
197
Let r(m) = m**2 + 83*m + 2713. Calculate r(-31).
1101
Let j(p) = -252*p**2 - 17623*p + 1257. Give j(-70).
67
Let k(q) = -195*q + 1396. Give k(12).
-944
Let t(k) = -5298*k - 153622. What is t(-29)?
20
Let x(j) = -14131*j + 70704. Give x(5).
49
Let k(m) = 2243*m + 1047444. Determine k(-467).
-37
Let p(x) = 2*x**2 - 79946*x - 719367. What is p(-9)?
309
Let w(f) = 43186*f - 431858. What is w(10)?
2
Let g(s) = 1021*s - 85688. Give g(84).
76
Let w(o) = -o**2 + 225*o + 15396. Determine w(-55).
-4
Let i(r) = -2*r**3 + 484*r**2 + 3*r - 734. Determine i(242).
-8
Let i(l) = -184*l**2 - 48387*l + 1313. Determine i(-263).
-2
Let c(f) = f**3 - 136*f**2 - 147478*f + 900. Determine c(458).
-16
Let k(s) = 3*s**3 - 27*s**2 + 79*s - 596. Calculate k(9).
115
Let m(w) = -2*w**3 + 554*w**2 - 4825*w - 21. Give m(9).
-30
Let r(w) = -13091*w + 65459. Determine r(5).
4
Let i(g) = -g**2 - 124465*g - 2240039. Calculate i(-18).
7
Let q(p) = 72374*p - 506731. Calculate q(7).
-113
Let r(q) = -86*q**3 + 785*q**2 - 24*q - 15. Calculate r(9).
660
Let k(w) = -10489*w - 84612. Determine k(-8).
-700
Let h(f) = f**3 - 93*f**2 + 424*f + 8596. Give h(87).
70
Let v(b) = -5*b**2 - 3191*b - 171207. What is v(-579)?
177
Let c(f) = -92*f**3 + 6752*f - 6751. Give c(1).
-91
Let i(b) = -287*b - 1742. Calculate i(-6).
-20
Let m(r) = -469*r - 50685. Give m(-108).
-33
Let i(p) = -4254*p - 34030. Determine i(-8).
2
Let n(c) = 575980*c - 1151948. What is n(2)?
12
Let b(y) = 5158*y - 1016121. Determine b(197).
5
Let y(k) = -436*k - 79363. Determine y(-182).
-11
Let j(r) = -2*r**3 + 3*r**2 + 159*r - 3405. Give j(0).
-3405
Let p(b) = -5*b**3 - 142*b**2 - 1075*b - 5. Calculate p(-10).
1545
Let s(c) = -929*c + 74452. Give s(80).
132
Let a(f) = -f**3 + 5084*f**2 + 518